{"version":"1.0","provider_name":"Conference 2024","provider_url":"https:\/\/conference2024.crta.rs\/sr\/","title":"Kamerades Collective - Conference 2024","type":"rich","width":600,"height":338,"html":"<blockquote class=\"wp-embedded-content\" data-secret=\"E49v2Y1RbP\"><a href=\"https:\/\/conference2024.crta.rs\/sr\/speaker\/kamerades-collective\/\">Kamerades Collective<\/a><\/blockquote><iframe sandbox=\"allow-scripts\" security=\"restricted\" src=\"https:\/\/conference2024.crta.rs\/sr\/speaker\/kamerades-collective\/embed\/#?secret=E49v2Y1RbP\" width=\"600\" height=\"338\" title=\"&#132;Kamerades Collective&#147; &#8212; Conference 2024\" data-secret=\"E49v2Y1RbP\" frameborder=\"0\" marginwidth=\"0\" marginheight=\"0\" scrolling=\"no\" class=\"wp-embedded-content\"><\/iframe><script type=\"text\/javascript\">\n\/* <![CDATA[ *\/\n\/*! This file is auto-generated *\/\n!function(d,l){\"use strict\";l.querySelector&&d.addEventListener&&\"undefined\"!=typeof URL&&(d.wp=d.wp||{},d.wp.receiveEmbedMessage||(d.wp.receiveEmbedMessage=function(e){var t=e.data;if((t||t.secret||t.message||t.value)&&!\/[^a-zA-Z0-9]\/.test(t.secret)){for(var s,r,n,a=l.querySelectorAll('iframe[data-secret=\"'+t.secret+'\"]'),o=l.querySelectorAll('blockquote[data-secret=\"'+t.secret+'\"]'),c=new RegExp(\"^https?:$\",\"i\"),i=0;i<o.length;i++)o[i].style.display=\"none\";for(i=0;i<a.length;i++)s=a[i],e.source===s.contentWindow&&(s.removeAttribute(\"style\"),\"height\"===t.message?(1e3<(r=parseInt(t.value,10))?r=1e3:~~r<200&&(r=200),s.height=r):\"link\"===t.message&&(r=new URL(s.getAttribute(\"src\")),n=new URL(t.value),c.test(n.protocol))&&n.host===r.host&&l.activeElement===s&&(d.top.location.href=t.value))}},d.addEventListener(\"message\",d.wp.receiveEmbedMessage,!1),l.addEventListener(\"DOMContentLoaded\",function(){for(var e,t,s=l.querySelectorAll(\"iframe.wp-embedded-content\"),r=0;r<s.length;r++)(t=(e=s[r]).getAttribute(\"data-secret\"))||(t=Math.random().toString(36).substring(2,12),e.src+=\"#?secret=\"+t,e.setAttribute(\"data-secret\",t)),e.contentWindow.postMessage({message:\"ready\",secret:t},\"*\")},!1)))}(window,document);\n\/\/# sourceURL=https:\/\/conference2024.crta.rs\/wp-includes\/js\/wp-embed.min.js\n\/* ]]> *\/\n<\/script>\n","thumbnail_url":"https:\/\/conference2024.crta.rs\/wp-content\/uploads\/2024\/10\/kamerades.png","thumbnail_width":407,"thumbnail_height":560,"description":"Kolektiv Kamerades osnovan je 2011. godine u Beogradu, sa ciljem da promovi\u0161e vrednosti dokumentarne fotografije i njenu ulogu u savremenom dru\u0161tvu. \u010clanovi su fotoreporteri i dokumentarni fotografi iz Srbije koji dele viziju dokumentovanja \u017eivota onakvog kakav jeste i \u0161irenja svesti o dru\u0161tveno zna\u010dajnim temama Balkana. Rad se temelji na savremenom pristupu fotografiji, uz primenu vizuelnih,"}

Kolektiv Kamerades osnovan je 2011. godine u Beogradu, sa ciljem da promoviše vrednosti dokumentarne fotografije i njenu ulogu u savremenom društvu. Članovi su fotoreporteri i dokumentarni fotografi iz Srbije koji dele viziju dokumentovanja života onakvog kakav jeste i širenja svesti o društveno značajnim temama Balkana. Rad se temelji na savremenom pristupu fotografiji, uz primenu vizuelnih,
